{"id":2601,"date":"2024-01-25T13:01:22","date_gmt":"2024-01-25T13:01:22","guid":{"rendered":"https:\/\/mock.1clickdesigners.com\/9candles\/?page_id=2601"},"modified":"2025-10-31T17:16:50","modified_gmt":"2025-10-31T17:16:50","slug":"massage","status":"publish","type":"page","link":"https:\/\/the9candles.com\/?page_id=2601","title":{"rendered":"Massage"},"content":{"rendered":"\t\t<div data-elementor-type=\"wp-page\" data-elementor-id=\"2601\" class=\"elementor elementor-2601\" data-elementor-post-type=\"page\">\n\t\t\t\t<div class=\"elementor-element elementor-element-3f3db8f e-flex e-con-boxed e-con e-parent\" data-id=\"3f3db8f\" data-element_type=\"container\" data-e-type=\"container\">\n\t\t\t\t\t<div class=\"e-con-inner\">\n\t\t<div class=\"elementor-element elementor-element-39f320a e-con-full e-flex e-con e-child\" data-id=\"39f320a\" data-element_type=\"container\" data-e-type=\"container\">\n\t\t\t\t<div class=\"elementor-element elementor-element-08a156c elementor-widget elementor-widget-heading\" data-id=\"08a156c\" data-element_type=\"widget\" data-e-type=\"widget\" data-widget_type=\"heading.default\">\n\t\t\t\t<div class=\"elementor-widget-container\">\n\t\t\t\t\t<h2 class=\"elementor-heading-title elementor-size-default\">Massage<\/h2>\t\t\t\t<\/div>\n\t\t\t\t<\/div>\n\t\t\t\t<div class=\"elementor-element elementor-element-fc91a6e elementor-widget elementor-widget-heading\" data-id=\"fc91a6e\" data-element_type=\"widget\" data-e-type=\"widget\" data-widget_type=\"heading.default\">\n\t\t\t\t<div class=\"elementor-widget-container\">\n\t\t\t\t\t<h2 class=\"elementor-heading-title elementor-size-default\">Massage T\u00eate, Dos, Nuque<\/h2>\t\t\t\t<\/div>\n\t\t\t\t<\/div>\n\t\t\t\t<div class=\"elementor-element elementor-element-add4ed5 elementor-widget elementor-widget-text-editor\" data-id=\"add4ed5\" data-element_type=\"widget\" data-e-type=\"widget\" data-widget_type=\"text-editor.default\">\n\t\t\t\t<div class=\"elementor-widget-container\">\n\t\t\t\t\t\t\t\t\t<div><div dir=\"auto\" data-message-author-role=\"assistant\" data-message-id=\"87c120eb-2c47-4650-ba4f-9cd28b37ec17\"><div><div><h4>Le massage le plus relaxant<\/h4><p>D\u00e9couvrez le massage le plus relaxant, avec des huiles chaudes pour la t\u00eate et le visage. Ce massage assis procure une d\u00e9tente profonde, induit un \u00e9tat m\u00e9ditatif et, comme le disent mes amis qui ont re\u00e7u ce sublime massage en cadeau, &#8220;fait beaucoup de bien&#8221;.<\/p><p>Avec plusieurs ann\u00e9es d&#8217;exp\u00e9rience en Bars Access Consciousness, j&#8217;ai d\u00e9cid\u00e9 de contribuer au bien-\u00eatre de mon entourage gr\u00e2ce \u00e0 cette m\u00e9thode simple mais efficace.<\/p><p>Je vous invite \u00e0 venir d\u00e9couvrir ce soin pendant votre pause d\u00e9jeuner ou apr\u00e8s le travail. Accordez-vous 30 minutes rien que pour vous, laissez vos soucis \u00e0 la porte, peut-\u00eatre dispara\u00eetront-ils avant la fin du massage.<\/p><h4>Prenez rendez-vous d\u00e8s maintenant<\/h4><p>Je vous invite \u00e0 prendre rendez-vous d\u00e8s maintenant, par email hello@the9candles.com ou\u00a0<a rel=\"noreferrer\">danielaagres@yahoo.co.uk<\/a>.<\/p><p>Prix:<\/p><ul><li>30 minutes : 30\u20ac<\/li><li>60 minutes : 60\u20ac<\/li><\/ul><p>Des abonnements sont disponibles, nous pouvons en parler lors de votre premier rendez-vous<\/p><\/div><\/div><\/div><\/div>\t\t\t\t\t\t\t\t<\/div>\n\t\t\t\t<\/div>\n\t\t\t\t<div class=\"elementor-element elementor-element-32e670b elementor-widget elementor-widget-button\" data-id=\"32e670b\" data-element_type=\"widget\" data-e-type=\"widget\" data-widget_type=\"button.default\">\n\t\t\t\t<div class=\"elementor-widget-container\">\n\t\t\t\t\t\t\t\t\t<div class=\"elementor-button-wrapper\">\n\t\t\t\t\t<a class=\"elementor-button elementor-button-link elementor-size-sm\" href=\"https:\/\/the9candles.com\/shop\/?wpf=sidebar_filters&#038;wpf_cols=3&#038;wpf_product-categories=bougies-massages\">\n\t\t\t\t\t\t<span class=\"elementor-button-content-wrapper\">\n\t\t\t\t\t\t<span class=\"elementor-button-icon\">\n\t\t\t\t<svg aria-hidden=\"true\" class=\"e-font-icon-svg e-fas-long-arrow-alt-right\" viewBox=\"0 0 448 512\" xmlns=\"http:\/\/www.w3.org\/2000\/svg\"><path d=\"M313.941 216H12c-6.627 0-12 5.373-12 12v56c0 6.627 5.373 12 12 12h301.941v46.059c0 21.382 25.851 32.09 40.971 16.971l86.059-86.059c9.373-9.373 9.373-24.569 0-33.941l-86.059-86.059c-15.119-15.119-40.971-4.411-40.971 16.971V216z\"><\/path><\/svg>\t\t\t<\/span>\n\t\t\t\t\t\t\t\t\t<span class=\"elementor-button-text\">D\u00e9couvrez d\u00e8s maintenant<\/span>\n\t\t\t\t\t<\/span>\n\t\t\t\t\t<\/a>\n\t\t\t\t<\/div>\n\t\t\t\t\t\t\t\t<\/div>\n\t\t\t\t<\/div>\n\t\t\t\t<\/div>\n\t\t<div class=\"elementor-element elementor-element-51ea9ae e-con-full e-flex e-con e-child\" data-id=\"51ea9ae\" data-element_type=\"container\" data-e-type=\"container\">\n\t\t\t\t<div class=\"elementor-element elementor-element-db51171 elementor-widget elementor-widget-image\" data-id=\"db51171\" data-element_type=\"widget\" data-e-type=\"widget\" data-widget_type=\"image.default\">\n\t\t\t\t<div class=\"elementor-widget-container\">\n\t\t\t\t\t\t\t\t\t\t\t\t\t\t\t<img fetchpriority=\"high\" decoding=\"async\" width=\"840\" height=\"840\" src=\"https:\/\/the9candles.com\/wp-content\/uploads\/2024\/01\/Woo_Blooms_Spa-236.jpg\" class=\"attachment-large size-large wp-image-3029\" alt=\"\" srcset=\"https:\/\/the9candles.com\/wp-content\/uploads\/2024\/01\/Woo_Blooms_Spa-236.jpg 840w, https:\/\/the9candles.com\/wp-content\/uploads\/2024\/01\/Woo_Blooms_Spa-236-600x600.jpg 600w, https:\/\/the9candles.com\/wp-content\/uploads\/2024\/01\/Woo_Blooms_Spa-236-100x100.jpg 100w, https:\/\/the9candles.com\/wp-content\/uploads\/2024\/01\/Woo_Blooms_Spa-236-800x800.jpg 800w, https:\/\/the9candles.com\/wp-content\/uploads\/2024\/01\/Woo_Blooms_Spa-236-300x300.jpg 300w, https:\/\/the9candles.com\/wp-content\/uploads\/2024\/01\/Woo_Blooms_Spa-236-150x150.jpg 150w, https:\/\/the9candles.com\/wp-content\/uploads\/2024\/01\/Woo_Blooms_Spa-236-768x768.jpg 768w\" sizes=\"(max-width: 840px) 100vw, 840px\" \/>\t\t\t\t\t\t\t\t\t\t\t\t\t\t\t<\/div>\n\t\t\t\t<\/div>\n\t\t\t\t<\/div>\n\t\t\t\t\t<\/div>\n\t\t\t\t<\/div>\n\t\t<div class=\"elementor-element elementor-element-36f60d7 e-flex e-con-boxed e-con e-parent\" data-id=\"36f60d7\" data-element_type=\"container\" data-e-type=\"container\">\n\t\t\t\t\t<div class=\"e-con-inner\">\n\t\t\t\t<div class=\"elementor-element elementor-element-1bffd90 elementor-widget elementor-widget-image\" data-id=\"1bffd90\" data-element_type=\"widget\" data-e-type=\"widget\" data-widget_type=\"image.default\">\n\t\t\t\t<div class=\"elementor-widget-container\">\n\t\t\t\t\t\t\t\t\t\t\t\t\t\t\t<img decoding=\"async\" width=\"400\" height=\"111\" src=\"https:\/\/the9candles.com\/wp-content\/uploads\/2024\/01\/logo_Label-400x111-1.jpg\" class=\"attachment-large size-large wp-image-2626\" alt=\"\" srcset=\"https:\/\/the9candles.com\/wp-content\/uploads\/2024\/01\/logo_Label-400x111-1.jpg 400w, https:\/\/the9candles.com\/wp-content\/uploads\/2024\/01\/logo_Label-400x111-1-300x83.jpg 300w\" sizes=\"(max-width: 400px) 100vw, 400px\" \/>\t\t\t\t\t\t\t\t\t\t\t\t\t\t\t<\/div>\n\t\t\t\t<\/div>\n\t\t\t\t\t<\/div>\n\t\t\t\t<\/div>\n\t\t\t\t<\/div>\n\t\t","protected":false},"excerpt":{"rendered":"<p>Massage Massage T\u00eate, Dos, Nuque Le massage le plus relaxant D\u00e9couvrez le massage le plus relaxant, avec des huiles chaudes [&hellip;]<\/p>\n","protected":false},"author":2,"featured_media":3817,"parent":0,"menu_order":0,"comment_status":"closed","ping_status":"closed","template":"","meta":{"site-sidebar-layout":"no-sidebar","site-content-layout":"","ast-site-content-layout":"full-width-container","site-content-style":"default","site-sidebar-style":"default","ast-global-header-display":"","ast-banner-title-visibility":"","ast-main-header-display":"","ast-hfb-above-header-display":"","ast-hfb-below-header-display":"","ast-hfb-mobile-header-display":"","site-post-title":"disabled","ast-breadcrumbs-content":"","ast-featured-img":"disabled","footer-sml-layout":"","ast-disable-related-posts":"","theme-transparent-header-meta":"","adv-header-id-meta":"","stick-header-meta":"","header-above-stick-meta":"","header-main-stick-meta":"","header-below-stick-meta":"","astra-migrate-meta-layouts":"default","ast-page-background-enabled":"default","ast-page-background-meta":{"desktop":{"background-color":"var(--ast-global-color-4)","background-image":"","background-repeat":"repeat","background-position":"center center","background-size":"auto","background-attachment":"scroll","background-type":"","background-media":"","overlay-type":"","overlay-color":"","overlay-opacity":"","overlay-gradient":""},"tablet":{"background-color":"","background-image":"","background-repeat":"repeat","background-position":"center center","background-size":"auto","background-attachment":"scroll","background-type":"","background-media":"","overlay-type":"","overlay-color":"","overlay-opacity":"","overlay-gradient":""},"mobile":{"background-color":"","background-image":"","background-repeat":"repeat","background-position":"center center","background-size":"auto","background-attachment":"scroll","background-type":"","background-media":"","overlay-type":"","overlay-color":"","overlay-opacity":"","overlay-gradient":""}},"ast-content-background-meta":{"desktop":{"background-color":"var(--ast-global-color-5)","background-image":"","background-repeat":"repeat","background-position":"center center","background-size":"auto","background-attachment":"scroll","background-type":"","background-media":"","overlay-type":"","overlay-color":"","overlay-opacity":"","overlay-gradient":""},"tablet":{"background-color":"var(--ast-global-color-5)","background-image":"","background-repeat":"repeat","background-position":"center center","background-size":"auto","background-attachment":"scroll","background-type":"","background-media":"","overlay-type":"","overlay-color":"","overlay-opacity":"","overlay-gradient":""},"mobile":{"background-color":"var(--ast-global-color-5)","background-image":"","background-repeat":"repeat","background-position":"center center","background-size":"auto","background-attachment":"scroll","background-type":"","background-media":"","overlay-type":"","overlay-color":"","overlay-opacity":"","overlay-gradient":""}},"_joinchat":[],"footnotes":""},"class_list":["post-2601","page","type-page","status-publish","has-post-thumbnail","hentry"],"_links":{"self":[{"href":"https:\/\/the9candles.com\/index.php?rest_route=\/wp\/v2\/pages\/2601","targetHints":{"allow":["GET"]}}],"collection":[{"href":"https:\/\/the9candles.com\/index.php?rest_route=\/wp\/v2\/pages"}],"about":[{"href":"https:\/\/the9candles.com\/index.php?rest_route=\/wp\/v2\/types\/page"}],"author":[{"embeddable":true,"href":"https:\/\/the9candles.com\/index.php?rest_route=\/wp\/v2\/users\/2"}],"replies":[{"embeddable":true,"href":"https:\/\/the9candles.com\/index.php?rest_route=%2Fwp%2Fv2%2Fcomments&post=2601"}],"version-history":[{"count":47,"href":"https:\/\/the9candles.com\/index.php?rest_route=\/wp\/v2\/pages\/2601\/revisions"}],"predecessor-version":[{"id":7828,"href":"https:\/\/the9candles.com\/index.php?rest_route=\/wp\/v2\/pages\/2601\/revisions\/7828"}],"wp:featuredmedia":[{"embeddable":true,"href":"https:\/\/the9candles.com\/index.php?rest_route=\/wp\/v2\/media\/3817"}],"wp:attachment":[{"href":"https:\/\/the9candles.com\/index.php?rest_route=%2Fwp%2Fv2%2Fmedia&parent=2601"}],"curies":[{"name":"wp","href":"https:\/\/api.w.org\/{rel}","templated":true}]}}